*4/12 + 120*b. Calculate d(1).
19
Let x(n) = n**3 + 6*n**2 - 3*n - 2. Suppose -18*i - 155 + 47 = 0. Calculate x(i).
16
Let d(g) = -g + 8. Let a be (-16)/28 - (-67)/7. Let z(h) = h**3 - 9*h**2 + 2*h - 10. Let f be z(a). Calculate d(f).
0
Let d = 61 + -10. Let g = d - 54. Let a(p) = p**3 + 4*p**2 - p - 4. Give a(g).
8
Suppose l + 4*n + 42 = -2*l, 3*l - 4*n + 18 = 0. Let x(y) = -6 - 6*y + 14*y - 9*y. Determine x(l).
4
Let l(i) be the second derivative of 0 + 3/2*i**2 - 15*i + 2/3*i**3. Calculate l(3).
15
Let r(x) = -6*x**2 + 341 - 172 - 170. Give r(1).
-7
Let j(a) = -2523 + 2520 - 4*a + 0*a**2 + a**3 + 3*a**2. Let u(f) = 2*f + 6. Let t be u(-5). Determine j(t).
-3
Let l(b) be the first derivative of 5*b**3/3 - 3*b**2/2 - b - 73. Determine l(-2).
25
Let c be ((-2)/(-2) - 2)/(-1). Let z(n) = n + 71*n**2 - n - 1 + n - 88*n**2. Determine z(c).
-17
Suppose -4*w + 2*w = 0. Let x = w - 4. Let j(b) = b**2 - 32*b - 3 + 35*b - 2. Calculate j(x).
-1
Let t(z) be the second derivative of z**3/6 - 5*z**2/2 - 8*z. Let v = 19 + -14. Give t(v).
0
Let c = -24 - -20. Let r(g) be the first derivative of -g**3/3 - g**2 + 4*g + 9. What is r(c)?
-4
Let x = -1901 - -1886. Let l(a) = -2*a - 35. Calculate l(x).
-5
Let o(w) be the first derivative of w**3/3 + 3*w**2 - 6*w - 93. Determine o(-5).
-11
Let s = -50 + 53. Let f(r) = -6 - r**3 - 3*r**3 + 10 + s*r**3 + 8*r - 7*r**2. Calculate f(-8).
4
Let w(c) = -10*c**3 + 1. Let d(y) = -2*y - 16. Let z be d(-9). Suppose 2*l - 2*x = 4, -3*l - z*x + 2 = -x. Calculate w(l).
-9
Let p(w) be the first derivative of w**4 - w**3/3 - w**2/2 - w - 294. Let n be (1 - 3) + 1 + 0. What is p(n)?
-5
Let x be (-330)/44*(-8)/(-12). Let j(a) = -a**3 - 4*a**2 + 2*a + 2. Give j(x).
17
Let a(i) = 2*i**3 - 25*i**2 + 5*i + 15. Let s(o) = o**3 - 12*o**2 + 2*o + 8. Let g(d) = 4*a(d) - 9*s(d). Give g(8).
4
Let g be (-6)/((4*1)/(-2)). Suppose -g*f + 2 = -2*f. Let j(t) = 8*t**2 + t - 3. Let l(n) = -10*n**2 - n + 4. Let b(q) = -4*j(q) - 3*l(q). Calculate b(f).
-10
Suppose -2*o = 2, -z - 2*o - 9 = 5. Let u(l) = -l**2 - 13*l - 10. Let f be u(z). Suppose -3*c = 0, 0*i + f*c = -5*i. Let q(r) = -r - 4. Calculate q(i).
-4
Let s(l) = -l + 10. Let d be s(7). Let c = 55 + -48. Let n(v) = -2*v**d + 5*v**2 + v**3 - 13 + c*v + 4. What is n(6)?
-3
Let p(k) be the first derivative of 7*k**4/2 + k**3/3 + k**2/2 - 2. Suppose x - 2*x = -4. Suppose 5*m - 9*m = x. Determine p(m).
-14
Let u = -27 - -30. Let g(r) = -4*r + 2*r - 2*r + u*r. Give g(-3).
3
Let k(w) = w**3 + 5*w**2 - 5*w + 3. Let f(o) = -6*o + 12. Let n be f(18). Let z be (-8)/(-20) - (n/(-15))/1. Determine k(z).
-3
Let w(l) = -2 - 4 - 325*l + 0 + 319*l - l**2. Suppose 8 = -4*d - 12, -3*j + 11 = -d. Suppose -4*o - 2*u = 24, -3 + 2 = o - j*u. Determine w(o).
-1
Suppose -243 = 21*c + 6*c. Let a(s) = -s**3 - 8*s**2 + 8*s. What is a(c)?
9
Suppose 2*y = -0 + 2. Let j(d) = 2*d**2 + 11*d + 1. Let r(v) = 4*v**2 + 24*v + 2. Let f(x) = -13*j(x) + 6*r(x). Calculate f(y).
-2
Let u be 0/(1 - (-6 - -10)). Let i(g) be the first derivative of -g**2/2 - g + 21. Calculate i(u).
-1
Let h = 40218 - 40213. Let a(o) be the second derivative of o**3/6 - 5*o**2/2 + o. Determine a(h).
0
Let d(b) be the third derivative of b**4/6 + 2*b**3 - 243*b**2. Give d(-11).
-32
Let f(s) = -s**3 - 26*s**2 + 27*s - 4. Let l(r) = r**3 - 23*r**2 - 17*r - 195. Let k be l(24). Calculate f(k).
-4
Suppose 3 = -3*q + 4*q + 4*l, -l - 99 = -5*q. Suppose 0 = q*a - 4*a. Let i(w) = w - 1. What is i(a)?
-1
Let h(s) = 10582 + s - 10588 + 2*s. Give h(4).
6
Let f(a) = -14*a + 4 - 1 + 3*a**2 + a**3 + 16*a + 0. Calculate f(-2).
3
Let r(c) = 3*c + 3. Suppose 2*i = 2 + 2. Suppose 2*d = -3*u + 1 - 18, -d + 2 = -i*u. Give r(u).
-6
Let t(d) = -6*d + 6. Let v(s) = -7*s + 7. Let p(o) = -6*t(o) + 5*v(o). Let a(u) = -9*u + 1. Let g(m) = -a(m) - 2*p(m). Give g(-1).
-6
Let u(j) = -j**3 - 3*j**2 + 7*j + 9. Let i be u(-4). Let c be (2 - (2 + -4)) + 0. Let o(b) = b - 4*b + c*b + b - 4. Determine o(i).
-10
Let r(a) = -a - 22. Let f(d) = d + 4. Let q(n) = -6*f(n) - r(n). Give q(-3).
13
Let j(m) be the first derivative of -3*m**2 + 4*m + 5/3*m**3 + 1/4*m**4 - 7. Let t = 7 - 13. Determine j(t).
4
Let u(g) be the second derivative of -g**4/12 + 3*g**3/2 - g**2 - 29*g + 2. Give u(9).
-2
Let j = 80 - 80. Suppose 4*w + 2*h - 42 = -2, -2*w + 2*h + 14 = j. Let l(n) = n**3 - 10*n**2 + 9*n - 1. Determine l(w).
-1
Let r(w) = -7*w**3 + 152*w**2 + 43*w + 18. Let c be r(22). Let g(t) = t**3 + 4*t**2 + 4*t + 4. What is g(c)?
-12
Let h(c) = -c + 1. Let o(m) = 4*m - 7. Let t(k) = -5*h(k) - o(k). Suppose 30*z - 36*z = -12. Calculate t(z).
4
Let n(c) = 65 - 12*c + 4*c + c**2 - 69. Calculate n(5).
-19
Suppose -4*p - 40 = -5*s, -11 = -11*p + 10*p - 4*s. Let l(k) = k**3 + 3*k**2 - 9*k + 3. What is l(p)?
-2
Let r(y) = -8*y. Let o be r(-2). Let z = o - 23. Let q(j) = 10448*j - 3486*j - 1 - 3484*j - 3479*j. Give q(z).
6
Let v(d) be the first derivative of 2 + 0*d - 17*d**2 + 0*d + 14*d**2. Suppose -y + 1 = q + 2, 3*q - y = 5. Give v(q).
-6
Let m(g) be the third derivative of g**6/120 + g**5/30 - 7*g**4/24 - g**3 + 6*g**2 + 37*g. What is m(-4)?
-10
Suppose 2*d - 4 = 2*l, 0*l - 10 = 4*l - 3*d. Let r(i) = -13*i**2 + 4*i - 3. Let h(t) = 26*t**2 - 9*t + 7. Let s(w) = l*h(w) - 9*r(w). Give s(1).
12
Let q(f) be the third derivative of 1/60*f**5 + 0 + 1/120*f**6 - 10/3*f**3 + 16*f**2 + 0*f**4 + 0*f. Give q(0).
-20
Let n(l) = -6*l**2 + 5*l - 4. Suppose 9*h = 11*h - 4. What is n(h)?
-18
Let a = -2 - -3. Let q be 1/(-6) + 5/(150/185). Let v(o) = -5*o + 0 + 0 - a + q*o. Determine v(-5).
-6
Let a(i) be the second derivative of -3/2*i**3 + 1/2*i**2 - 10*i + 0. What is a(-2)?
19
Let h(b) be the third derivative of -5*b**2 - 1/3*b**3 + 0 - 1/24*b**4 + 0*b. Let c be (-3 + 0)/(1 - 2). Calculate h(c).
-5
Let v(g) = -23*g + 12. Let i(b) = 8*b - 4. Let n(t) = -11*i(t) - 4*v(t). Let u(y) = -4*y + 4. Let l(k) = 5*n(k) + 4*u(k). Give l(3).
8
Let m(v) = 3*v**2 - 2*v - 1. Let i be 57/(-30) - (-16)/(-160). Give m(i).
15
Let h(p) = 3*p**2 - 3*p + 3. Let r be h(3). Let f = -17 + r. Let m(y) be the second derivative of y**5/20 - y**4/4 - 5*y**3/6 - 3*y**2/2 - 2*y. Calculate m(f).
-7
Let t = 3 - 1. Let v(q) = 3*q + 1 - 2 + 5*q**2 + t - 3*q**2. Determine v(-2).
3
Suppose -5*g - 23 = t, 3*t - 5*g = -10*g - 19. Let m(y) be the first derivative of 1/2*y**t - 5*y - 5. What is m(4)?
-1
Suppose 1404 - 1338 = 22*n. Let b(l) = -6*l**3 - 3*l**2 - 6*l + 9. Let k(m) = -5*m**3 - 3*m**2 - 5*m + 8. Let t(r) = -6*b(r) + 7*k(r). Determine t(n).
5
Suppose 3*x + 3 = k + 4, -16 = -4*x. Let s(t) = -4*t + 49. What is s(k)?
5
Let y(n) = n + 4. Let c = -3 - 0. Let k be (c/9)/((-2)/(-18)). Let i be (9/k - -2)*3. Determine y(i).
1
Suppose 52 = -229*i + 255*i. Let d(t) be the second derivative of -t**5/20 + t**4/6 + t**3/3 + t. What is d(i)?
4
Let u(a) be the second derivative of a**7/2520 + a**6/90 + a**5/60 + a**4/2 + 21*a. Let s(m) be the third derivative of u(m). Calculate s(-5).
-13
Let i(b) = -3*b + 24. Let a(j) = -j + 5. Let y(z) = -4*a(z) + i(z). Determine y(-7).
-3
Let q(z) = z**3 - 11*z**2 + z + 7. Let w(p) = -2*p**3 + 24*p**2 - p - 15. Let j(u) = 7*q(u) + 3*w(u). Calculate j(4).
4
Let y(q) = 6*q - 361*q**3 - 2*q + 360*q**3 + 5 + 4*q**2. Let x be (1 + 0)/((-4)/36). Let u be (x/(-6) - 1)*10. Determine y(u).
0
Let y(a) be the first derivative of 3*a + 1/2*a**2 - 1/12*a**4 - 5 + 0*a**3. Let j(u) be the first derivative of y(u). Calculate j(-1).
0
Let t(p) = 2*p + 8. Let k be t(-7). Let b(j) be the second derivative of -1/20*j**5 + 0*j**2 - 4*j + 0 - 7/12*j**4 - 7/6*j**3. Give b(k).
6
Let a = -76 - -77. Let x(j) = -j + a - 6*j + 5*j + 3*j. What is x(2)?
3
Let n(q) = 20*q - 8. Let h(m) = -29*m + 11. Let v(p) = -5*h(p) - 7*n(p). Let t(c) = c**3 - 2*c**2 - 2*c + 3. Let r be t(2). Give v(r).
-4
Let x(k) = k**3 + 5*k**2 - 3*k + 5. Suppose 5*n = 2*i - 3, 4*i + 3 = -n - 2. Let p = i + -5. Determine x(p).
-13
Let u(d) be the second derivative of d**5/60 - d**3/6 + 2*d**2 + d. Let s(z) be the first derivative of u(z). Suppose 2*g - 4 = -0. Calculate s(g).
3
Let s(n) be the third derivative of n**7/2520 + n**6/144 + n**5/24 + 7*n**4/24 - 23*n**2. Let t(j) be the second derivative of s(j). What is t(-6)?
11
Let n(f) = 3*f - 43. Suppose v = 3, 3*v + 9 = 5*o - 47. Calcula